{"id":76,"date":"2017-01-30T12:55:40","date_gmt":"2017-01-30T12:55:40","guid":{"rendered":"http:\/\/mandabokor.lutheran.hu\/?page_id=76"},"modified":"2025-03-31T15:39:56","modified_gmt":"2025-03-31T15:39:56","slug":"a-korzet-tisztsegviseloi","status":"publish","type":"page","link":"https:\/\/mandabokor.lutheran.hu\/?page_id=76","title":{"rendered":"A k\u00f6rzet tiszts\u00e9gvisel\u0151i"},"content":{"rendered":"<table style=\"border-collapse: collapse; width: 100%;\">\n<tbody>\n<tr>\n<td style=\"width: 50%; text-align: center;\"><strong>Az V. k\u00f6rzet lelk\u00e9sze<\/strong><\/td>\n<td style=\"width: 50%; text-align: center;\"><strong>Az V. k\u00f6rzet fel\u00fcgyel\u0151je<\/strong><\/td>\n<\/tr>\n<tr>\n<td style=\"width: 50%;\"><img loading=\"lazy\" class=\"alignnone wp-image-11411\" src=\"http:\/\/mandabokor.lutheran.hu\/wp-content\/uploads\/2024\/09\/IMG_8542-scaled.jpg\" alt=\"\" width=\"285\" height=\"428\" srcset=\"https:\/\/mandabokor.lutheran.hu\/wp-content\/uploads\/2024\/09\/IMG_8542-scaled.jpg 1707w, https:\/\/mandabokor.lutheran.hu\/wp-content\/uploads\/2024\/09\/IMG_8542-200x300.jpg 200w, https:\/\/mandabokor.lutheran.hu\/wp-content\/uploads\/2024\/09\/IMG_8542-683x1024.jpg 683w, https:\/\/mandabokor.lutheran.hu\/wp-content\/uploads\/2024\/09\/IMG_8542-768x1152.jpg 768w, https:\/\/mandabokor.lutheran.hu\/wp-content\/uploads\/2024\/09\/IMG_8542-1024x1536.jpg 1024w, https:\/\/mandabokor.lutheran.hu\/wp-content\/uploads\/2024\/09\/IMG_8542-1365x2048.jpg 1365w\" sizes=\"(max-width: 285px) 100vw, 285px\" \/><\/td>\n<td style=\"width: 50%;\"><img loading=\"lazy\" class=\"alignnone wp-image-11412\" src=\"http:\/\/mandabokor.lutheran.hu\/wp-content\/uploads\/2024\/09\/IMG_8536-scaled.jpg\" alt=\"\" width=\"277\" height=\"416\" srcset=\"https:\/\/mandabokor.lutheran.hu\/wp-content\/uploads\/2024\/09\/IMG_8536-scaled.jpg 1707w, https:\/\/mandabokor.lutheran.hu\/wp-content\/uploads\/2024\/09\/IMG_8536-200x300.jpg 200w, https:\/\/mandabokor.lutheran.hu\/wp-content\/uploads\/2024\/09\/IMG_8536-683x1024.jpg 683w, https:\/\/mandabokor.lutheran.hu\/wp-content\/uploads\/2024\/09\/IMG_8536-768x1152.jpg 768w, https:\/\/mandabokor.lutheran.hu\/wp-content\/uploads\/2024\/09\/IMG_8536-1024x1536.jpg 1024w, https:\/\/mandabokor.lutheran.hu\/wp-content\/uploads\/2024\/09\/IMG_8536-1365x2048.jpg 1365w\" sizes=\"(max-width: 277px) 100vw, 277px\" \/><\/td>\n<\/tr>\n<\/tbody>\n<\/table>\n<p><strong>Presbiterek<\/strong><\/p>\n<table style=\"border-collapse: collapse; width: 100%;\">\n<tbody>\n<tr>\n<td style=\"width: 33.3333%; text-align: center;\"><strong>Bagam\u00e9ry R\u00f3bert<\/strong><\/td>\n<td style=\"width: 33.3333%; text-align: center;\"><strong>ifj. Hibj\u00e1n J\u00e1nos<\/strong><\/td>\n<td style=\"width: 33.3333%; text-align: center;\"><strong>Hibj\u00e1n J\u00e1nosn\u00e9<\/strong><\/td>\n<\/tr>\n<tr>\n<td style=\"width: 33.3333%;\"><img loading=\"lazy\" class=\"alignnone wp-image-11413\" src=\"http:\/\/mandabokor.lutheran.hu\/wp-content\/uploads\/2024\/09\/IMG_8539-scaled.jpg\" alt=\"\" width=\"1707\" height=\"2560\" srcset=\"https:\/\/mandabokor.lutheran.hu\/wp-content\/uploads\/2024\/09\/IMG_8539-scaled.jpg 1707w, https:\/\/mandabokor.lutheran.hu\/wp-content\/uploads\/2024\/09\/IMG_8539-200x300.jpg 200w, https:\/\/mandabokor.lutheran.hu\/wp-content\/uploads\/2024\/09\/IMG_8539-683x1024.jpg 683w, https:\/\/mandabokor.lutheran.hu\/wp-content\/uploads\/2024\/09\/IMG_8539-768x1152.jpg 768w, https:\/\/mandabokor.lutheran.hu\/wp-content\/uploads\/2024\/09\/IMG_8539-1024x1536.jpg 1024w, https:\/\/mandabokor.lutheran.hu\/wp-content\/uploads\/2024\/09\/IMG_8539-1365x2048.jpg 1365w\" sizes=\"(max-width: 767px) 89vw, (max-width: 1000px) 54vw, (max-width: 1071px) 543px, 580px\" \/><\/td>\n<td style=\"width: 33.3333%;\"><img loading=\"lazy\" class=\"alignnone wp-image-11414\" src=\"http:\/\/mandabokor.lutheran.hu\/wp-content\/uploads\/2024\/09\/IMG_8541-scaled.jpg\" alt=\"\" width=\"1707\" height=\"2560\" srcset=\"https:\/\/mandabokor.lutheran.hu\/wp-content\/uploads\/2024\/09\/IMG_8541-scaled.jpg 1707w, https:\/\/mandabokor.lutheran.hu\/wp-content\/uploads\/2024\/09\/IMG_8541-200x300.jpg 200w, https:\/\/mandabokor.lutheran.hu\/wp-content\/uploads\/2024\/09\/IMG_8541-683x1024.jpg 683w, https:\/\/mandabokor.lutheran.hu\/wp-content\/uploads\/2024\/09\/IMG_8541-768x1152.jpg 768w, https:\/\/mandabokor.lutheran.hu\/wp-content\/uploads\/2024\/09\/IMG_8541-1024x1536.jpg 1024w, https:\/\/mandabokor.lutheran.hu\/wp-content\/uploads\/2024\/09\/IMG_8541-1365x2048.jpg 1365w\" sizes=\"(max-width: 767px) 89vw, (max-width: 1000px) 54vw, (max-width: 1071px) 543px, 580px\" \/><\/td>\n<td style=\"width: 33.3333%;\"><img loading=\"lazy\" class=\"alignnone size-full wp-image-11415\" src=\"http:\/\/mandabokor.lutheran.hu\/wp-content\/uploads\/2024\/09\/IMG_8540-scaled.jpg\" alt=\"\" width=\"1707\" height=\"2560\" srcset=\"https:\/\/mandabokor.lutheran.hu\/wp-content\/uploads\/2024\/09\/IMG_8540-scaled.jpg 1707w, https:\/\/mandabokor.lutheran.hu\/wp-content\/uploads\/2024\/09\/IMG_8540-200x300.jpg 200w, https:\/\/mandabokor.lutheran.hu\/wp-content\/uploads\/2024\/09\/IMG_8540-683x1024.jpg 683w, https:\/\/mandabokor.lutheran.hu\/wp-content\/uploads\/2024\/09\/IMG_8540-768x1152.jpg 768w, https:\/\/mandabokor.lutheran.hu\/wp-content\/uploads\/2024\/09\/IMG_8540-1024x1536.jpg 1024w, https:\/\/mandabokor.lutheran.hu\/wp-content\/uploads\/2024\/09\/IMG_8540-1365x2048.jpg 1365w\" sizes=\"(max-width: 767px) 89vw, (max-width: 1000px) 54vw, (max-width: 1071px) 543px, 580px\" \/><\/td>\n<\/tr>\n<tr>\n<td style=\"width: 33.3333%; text-align: center;\"><strong>Varga Gergely<\/strong><\/td>\n<td style=\"width: 33.3333%; text-align: center;\"><strong>Vecz\u00e1n L\u00e1szl\u00f3<\/strong><\/td>\n<td style=\"width: 33.3333%; text-align: center;\"><strong>ifj. Vecz\u00e1n L\u00e1szl\u00f3<\/strong><\/td>\n<\/tr>\n<tr>\n<td style=\"width: 33.3333%;\"><img loading=\"lazy\" class=\"alignnone size-full wp-image-11416\" src=\"http:\/\/mandabokor.lutheran.hu\/wp-content\/uploads\/2024\/09\/IMG_8544-scaled.jpg\" alt=\"\" width=\"1707\" height=\"2560\" srcset=\"https:\/\/mandabokor.lutheran.hu\/wp-content\/uploads\/2024\/09\/IMG_8544-scaled.jpg 1707w, https:\/\/mandabokor.lutheran.hu\/wp-content\/uploads\/2024\/09\/IMG_8544-200x300.jpg 200w, https:\/\/mandabokor.lutheran.hu\/wp-content\/uploads\/2024\/09\/IMG_8544-683x1024.jpg 683w, https:\/\/mandabokor.lutheran.hu\/wp-content\/uploads\/2024\/09\/IMG_8544-768x1152.jpg 768w, https:\/\/mandabokor.lutheran.hu\/wp-content\/uploads\/2024\/09\/IMG_8544-1024x1536.jpg 1024w, https:\/\/mandabokor.lutheran.hu\/wp-content\/uploads\/2024\/09\/IMG_8544-1365x2048.jpg 1365w\" sizes=\"(max-width: 767px) 89vw, (max-width: 1000px) 54vw, (max-width: 1071px) 543px, 580px\" \/><\/td>\n<td style=\"width: 33.3333%;\"><\/td>\n<td style=\"width: 33.3333%;\"><img loading=\"lazy\" class=\"alignnone size-full wp-image-11412\" src=\"http:\/\/mandabokor.lutheran.hu\/wp-content\/uploads\/2024\/09\/IMG_8536-scaled.jpg\" alt=\"\" width=\"1707\" height=\"2560\" srcset=\"https:\/\/mandabokor.lutheran.hu\/wp-content\/uploads\/2024\/09\/IMG_8536-scaled.jpg 1707w, https:\/\/mandabokor.lutheran.hu\/wp-content\/uploads\/2024\/09\/IMG_8536-200x300.jpg 200w, https:\/\/mandabokor.lutheran.hu\/wp-content\/uploads\/2024\/09\/IMG_8536-683x1024.jpg 683w, https:\/\/mandabokor.lutheran.hu\/wp-content\/uploads\/2024\/09\/IMG_8536-768x1152.jpg 768w, https:\/\/mandabokor.lutheran.hu\/wp-content\/uploads\/2024\/09\/IMG_8536-1024x1536.jpg 1024w, https:\/\/mandabokor.lutheran.hu\/wp-content\/uploads\/2024\/09\/IMG_8536-1365x2048.jpg 1365w\" sizes=\"(max-width: 767px) 89vw, (max-width: 1000px) 54vw, (max-width: 1071px) 543px, 580px\" \/><\/td>\n<\/tr>\n<\/tbody>\n<\/table>\n<p><strong>K\u00e9pvisel\u0151test\u00fclet<\/strong><\/p>\n<table style=\"border-collapse: collapse; width: 100%;\">\n<tbody>\n<tr>\n<td style=\"width: 33.3333%; text-align: center;\"><strong>Hibj\u00e1n Erika<\/strong><\/td>\n<td style=\"width: 33.3333%; text-align: center;\"><strong>Gyuresk\u00f3 Csaba<\/strong><\/td>\n<td style=\"width: 33.3333%; text-align: center;\"><strong>Lisk\u00e1nyn\u00e9 Kov\u00e1cs Ildik\u00f3<\/strong><\/td>\n<\/tr>\n<tr>\n<td style=\"width: 33.3333%;\"><img loading=\"lazy\" class=\"alignnone size-full wp-image-11418\" src=\"http:\/\/mandabokor.lutheran.hu\/wp-content\/uploads\/2024\/09\/IMG_8545-scaled.jpg\" alt=\"\" width=\"1707\" height=\"2560\" srcset=\"https:\/\/mandabokor.lutheran.hu\/wp-content\/uploads\/2024\/09\/IMG_8545-scaled.jpg 1707w, https:\/\/mandabokor.lutheran.hu\/wp-content\/uploads\/2024\/09\/IMG_8545-200x300.jpg 200w, https:\/\/mandabokor.lutheran.hu\/wp-content\/uploads\/2024\/09\/IMG_8545-683x1024.jpg 683w, https:\/\/mandabokor.lutheran.hu\/wp-content\/uploads\/2024\/09\/IMG_8545-768x1152.jpg 768w, https:\/\/mandabokor.lutheran.hu\/wp-content\/uploads\/2024\/09\/IMG_8545-1024x1536.jpg 1024w, https:\/\/mandabokor.lutheran.hu\/wp-content\/uploads\/2024\/09\/IMG_8545-1365x2048.jpg 1365w\" sizes=\"(max-width: 767px) 89vw, (max-width: 1000px) 54vw, (max-width: 1071px) 543px, 580px\" \/><\/td>\n<td style=\"width: 33.3333%;\"><img loading=\"lazy\" class=\"alignnone size-full wp-image-11419\" src=\"http:\/\/mandabokor.lutheran.hu\/wp-content\/uploads\/2024\/09\/IMG_8547-scaled.jpg\" alt=\"\" width=\"1707\" height=\"2560\" srcset=\"https:\/\/mandabokor.lutheran.hu\/wp-content\/uploads\/2024\/09\/IMG_8547-scaled.jpg 1707w, https:\/\/mandabokor.lutheran.hu\/wp-content\/uploads\/2024\/09\/IMG_8547-200x300.jpg 200w, https:\/\/mandabokor.lutheran.hu\/wp-content\/uploads\/2024\/09\/IMG_8547-683x1024.jpg 683w, https:\/\/mandabokor.lutheran.hu\/wp-content\/uploads\/2024\/09\/IMG_8547-768x1152.jpg 768w, https:\/\/mandabokor.lutheran.hu\/wp-content\/uploads\/2024\/09\/IMG_8547-1024x1536.jpg 1024w, https:\/\/mandabokor.lutheran.hu\/wp-content\/uploads\/2024\/09\/IMG_8547-1365x2048.jpg 1365w\" sizes=\"(max-width: 767px) 89vw, (max-width: 1000px) 54vw, (max-width: 1071px) 543px, 580px\" \/><\/td>\n<td style=\"width: 33.3333%;\"><img loading=\"lazy\" class=\"alignnone size-full wp-image-11420\" src=\"http:\/\/mandabokor.lutheran.hu\/wp-content\/uploads\/2024\/09\/IMG_8546-scaled.jpg\" alt=\"\" width=\"1707\" height=\"2560\" srcset=\"https:\/\/mandabokor.lutheran.hu\/wp-content\/uploads\/2024\/09\/IMG_8546-scaled.jpg 1707w, https:\/\/mandabokor.lutheran.hu\/wp-content\/uploads\/2024\/09\/IMG_8546-200x300.jpg 200w, https:\/\/mandabokor.lutheran.hu\/wp-content\/uploads\/2024\/09\/IMG_8546-683x1024.jpg 683w, https:\/\/mandabokor.lutheran.hu\/wp-content\/uploads\/2024\/09\/IMG_8546-768x1152.jpg 768w, https:\/\/mandabokor.lutheran.hu\/wp-content\/uploads\/2024\/09\/IMG_8546-1024x1536.jpg 1024w, https:\/\/mandabokor.lutheran.hu\/wp-content\/uploads\/2024\/09\/IMG_8546-1365x2048.jpg 1365w\" sizes=\"(max-width: 767px) 89vw, (max-width: 1000px) 54vw, (max-width: 1071px) 543px, 580px\" \/><\/td>\n<\/tr>\n<tr>\n<td style=\"width: 33.3333%; text-align: center;\"><strong>ifj. M\u00e1rf\u00f6ldi Istv\u00e1n<\/strong><\/td>\n<td style=\"width: 33.3333%; text-align: center;\"><strong>M\u00e1rf\u00f6ldin\u00e9 G\u00e1l Krisztina<\/strong><\/td>\n<td style=\"width: 33.3333%; text-align: center;\"><strong>M\u00e1ty\u00e1s Andr\u00e1s<\/strong><\/td>\n<\/tr>\n<tr>\n<td style=\"width: 33.3333%;\"><\/td>\n<td style=\"width: 33.3333%;\"><img loading=\"lazy\" class=\"alignnone size-full wp-image-11422\" src=\"http:\/\/mandabokor.lutheran.hu\/wp-content\/uploads\/2024\/09\/IMG_8543-scaled.jpg\" alt=\"\" width=\"1707\" height=\"2560\" srcset=\"https:\/\/mandabokor.lutheran.hu\/wp-content\/uploads\/2024\/09\/IMG_8543-scaled.jpg 1707w, https:\/\/mandabokor.lutheran.hu\/wp-content\/uploads\/2024\/09\/IMG_8543-200x300.jpg 200w, https:\/\/mandabokor.lutheran.hu\/wp-content\/uploads\/2024\/09\/IMG_8543-683x1024.jpg 683w, https:\/\/mandabokor.lutheran.hu\/wp-content\/uploads\/2024\/09\/IMG_8543-768x1152.jpg 768w, https:\/\/mandabokor.lutheran.hu\/wp-content\/uploads\/2024\/09\/IMG_8543-1024x1536.jpg 1024w, https:\/\/mandabokor.lutheran.hu\/wp-content\/uploads\/2024\/09\/IMG_8543-1365x2048.jpg 1365w\" sizes=\"(max-width: 767px) 89vw, (max-width: 1000px) 54vw, (max-width: 1071px) 543px, 580px\" \/><\/td>\n<td style=\"width: 33.3333%;\"><\/td>\n<\/tr>\n<tr>\n<td style=\"width: 33.3333%; text-align: center;\"><strong>Merkovszki J\u00e1nosn\u00e9<\/strong><\/td>\n<td style=\"width: 33.3333%;\"><strong style=\"text-align: center;\">N\u00e9meth L\u00e1szl\u00f3n\u00e9<\/strong><\/td>\n<td style=\"width: 33.3333%;\"><\/td>\n<\/tr>\n<tr>\n<td style=\"width: 33.3333%; text-align: center;\"><img loading=\"lazy\" class=\"alignnone size-full wp-image-11421\" style=\"text-align: start;\" src=\"http:\/\/mandabokor.lutheran.hu\/wp-content\/uploads\/2024\/09\/IMG_8537-scaled.jpg\" alt=\"\" width=\"1707\" height=\"2560\" srcset=\"https:\/\/mandabokor.lutheran.hu\/wp-content\/uploads\/2024\/09\/IMG_8537-scaled.jpg 1707w, https:\/\/mandabokor.lutheran.hu\/wp-content\/uploads\/2024\/09\/IMG_8537-200x300.jpg 200w, https:\/\/mandabokor.lutheran.hu\/wp-content\/uploads\/2024\/09\/IMG_8537-683x1024.jpg 683w, https:\/\/mandabokor.lutheran.hu\/wp-content\/uploads\/2024\/09\/IMG_8537-768x1152.jpg 768w, https:\/\/mandabokor.lutheran.hu\/wp-content\/uploads\/2024\/09\/IMG_8537-1024x1536.jpg 1024w, https:\/\/mandabokor.lutheran.hu\/wp-content\/uploads\/2024\/09\/IMG_8537-1365x2048.jpg 1365w\" sizes=\"(max-width: 767px) 89vw, (max-width: 1000px) 54vw, (max-width: 1071px) 543px, 580px\" \/><strong><br \/>\n<\/strong><\/td>\n<td style=\"width: 33.3333%;\"><strong style=\"text-align: center;\">\u00a0<\/strong><\/td>\n<td style=\"width: 33.3333%;\"><\/td>\n<\/tr>\n<\/tbody>\n<\/table>\n<p>&nbsp;<\/p>\n<p><strong>Gondnokok:<\/strong><\/p>\n<p>Mandabokor:<\/p>\n<p><strong>Palicz Ildik\u00f3<\/strong><\/p>\n<p>&nbsp;<\/p>\n<p>K\u00e1lm\u00e1nh\u00e1za:<\/p>\n<p><strong><img loading=\"lazy\" src=\"http:\/\/mandabokor.lutheran.hu\/Tisztsegviselok\/Franczel%20J%C3%B3zsefn%C3%A9%20(K%C3%A1lm%C3%A1nh%C3%A1za)(gondnok).jpg\" alt=\"\" width=\"200\" height=\"215\" \/><br \/>\nFranczel J\u00f3zsefn\u00e9<\/strong><\/p>\n","protected":false},"excerpt":{"rendered":"<p>Az V. k\u00f6rzet lelk\u00e9sze Az V. k\u00f6rzet fel\u00fcgyel\u0151je Presbiterek Bagam\u00e9ry R\u00f3bert ifj. Hibj\u00e1n J\u00e1nos Hibj\u00e1n J\u00e1nosn\u00e9 Varga Gergely Vecz\u00e1n L\u00e1szl\u00f3 ifj. Vecz\u00e1n L\u00e1szl\u00f3 K\u00e9pvisel\u0151test\u00fclet Hibj\u00e1n Erika Gyuresk\u00f3 Csaba Lisk\u00e1nyn\u00e9 Kov\u00e1cs Ildik\u00f3 ifj. M\u00e1rf\u00f6ldi Istv\u00e1n M\u00e1rf\u00f6ldin\u00e9 G\u00e1l Krisztina M\u00e1ty\u00e1s Andr\u00e1s Merkovszki J\u00e1nosn\u00e9 N\u00e9meth L\u00e1szl\u00f3n\u00e9 \u00a0 &nbsp; Gondnokok: Mandabokor: Palicz Ildik\u00f3 &nbsp; K\u00e1lm\u00e1nh\u00e1za: Franczel J\u00f3zsefn\u00e9<\/p>\n","protected":false},"author":1,"featured_media":0,"parent":0,"menu_order":0,"comment_status":"closed","ping_status":"closed","template":"","meta":{"_monsterinsights_skip_tracking":false,"_monsterinsights_sitenote_active":false,"_monsterinsights_sitenote_note":"","_monsterinsights_sitenote_category":0},"_links":{"self":[{"href":"https:\/\/mandabokor.lutheran.hu\/index.php?rest_route=\/wp\/v2\/pages\/76"}],"collection":[{"href":"https:\/\/mandabokor.lutheran.hu\/index.php?rest_route=\/wp\/v2\/pages"}],"about":[{"href":"https:\/\/mandabokor.lutheran.hu\/index.php?rest_route=\/wp\/v2\/types\/page"}],"author":[{"embeddable":true,"href":"https:\/\/mandabokor.lutheran.hu\/index.php?rest_route=\/wp\/v2\/users\/1"}],"replies":[{"embeddable":true,"href":"https:\/\/mandabokor.lutheran.hu\/index.php?rest_route=%2Fwp%2Fv2%2Fcomments&post=76"}],"version-history":[{"count":13,"href":"https:\/\/mandabokor.lutheran.hu\/index.php?rest_route=\/wp\/v2\/pages\/76\/revisions"}],"predecessor-version":[{"id":11806,"href":"https:\/\/mandabokor.lutheran.hu\/index.php?rest_route=\/wp\/v2\/pages\/76\/revisions\/11806"}],"wp:attachment":[{"href":"https:\/\/mandabokor.lutheran.hu\/index.php?rest_route=%2Fwp%2Fv2%2Fmedia&parent=76"}],"curies":[{"name":"wp","href":"https:\/\/api.w.org\/{rel}","templated":true}]}}