{"id":5428,"date":"2018-04-30T06:27:53","date_gmt":"2018-04-30T06:27:53","guid":{"rendered":"http:\/\/mandabokor.lutheran.hu\/?page_id=5428"},"modified":"2018-04-30T11:58:25","modified_gmt":"2018-04-30T11:58:25","slug":"5-eves-szentelesi-halaado-istentisztelet","status":"publish","type":"page","link":"https:\/\/mandabokor.lutheran.hu\/?page_id=5428","title":{"rendered":"5 \u00e9ves szentel\u00e9si h\u00e1laad\u00f3 istentisztelet"},"content":{"rendered":"<div id=\"amw_galleria_slideshow_1\" class=\"amw-galleria-slideshow\"><\/div>\n<script type=\"text\/javascript\">jQuery(document).ready(function(){ jQuery(\"#amw_galleria_slideshow_1\").galleria({\"dataSource\":[{\"image\":\"https:\\\/\\\/mandabokor.lutheran.hu\\\/wp-content\\\/uploads\\\/2018\\\/04\\\/DSC_3369-2-1024x683.jpg\",\"big\":\"https:\\\/\\\/mandabokor.lutheran.hu\\\/wp-content\\\/uploads\\\/2018\\\/04\\\/DSC_3369-2-1024x683.jpg\",\"thumb\":\"https:\\\/\\\/mandabokor.lutheran.hu\\\/wp-content\\\/uploads\\\/2018\\\/04\\\/DSC_3369-2-150x150.jpg\",\"title\":\"DSC_3369\",\"description\":\"\"},{\"image\":\"https:\\\/\\\/mandabokor.lutheran.hu\\\/wp-content\\\/uploads\\\/2018\\\/04\\\/DSC_3372-1-1024x683.jpg\",\"big\":\"https:\\\/\\\/mandabokor.lutheran.hu\\\/wp-content\\\/uploads\\\/2018\\\/04\\\/DSC_3372-1-1024x683.jpg\",\"thumb\":\"https:\\\/\\\/mandabokor.lutheran.hu\\\/wp-content\\\/uploads\\\/2018\\\/04\\\/DSC_3372-1-150x150.jpg\",\"title\":\"DSC_3372\",\"description\":\"\"},{\"image\":\"https:\\\/\\\/mandabokor.lutheran.hu\\\/wp-content\\\/uploads\\\/2018\\\/04\\\/DSC_3373-1-1024x683.jpg\",\"big\":\"https:\\\/\\\/mandabokor.lutheran.hu\\\/wp-content\\\/uploads\\\/2018\\\/04\\\/DSC_3373-1-1024x683.jpg\",\"thumb\":\"https:\\\/\\\/mandabokor.lutheran.hu\\\/wp-content\\\/uploads\\\/2018\\\/04\\\/DSC_3373-1-150x150.jpg\",\"title\":\"DSC_3373\",\"description\":\"\"},{\"image\":\"https:\\\/\\\/mandabokor.lutheran.hu\\\/wp-content\\\/uploads\\\/2018\\\/04\\\/DSC_3380-1-e1525089401952-683x1024.jpg\",\"big\":\"https:\\\/\\\/mandabokor.lutheran.hu\\\/wp-content\\\/uploads\\\/2018\\\/04\\\/DSC_3380-1-e1525089401952-683x1024.jpg\",\"thumb\":\"https:\\\/\\\/mandabokor.lutheran.hu\\\/wp-content\\\/uploads\\\/2018\\\/04\\\/DSC_3380-1-e1525089401952-150x150.jpg\",\"title\":\"DSC_3380\",\"description\":\"\"},{\"image\":\"https:\\\/\\\/mandabokor.lutheran.hu\\\/wp-content\\\/uploads\\\/2018\\\/04\\\/DSC_3391-1-1024x683.jpg\",\"big\":\"https:\\\/\\\/mandabokor.lutheran.hu\\\/wp-content\\\/uploads\\\/2018\\\/04\\\/DSC_3391-1-1024x683.jpg\",\"thumb\":\"https:\\\/\\\/mandabokor.lutheran.hu\\\/wp-content\\\/uploads\\\/2018\\\/04\\\/DSC_3391-1-150x150.jpg\",\"title\":\"DSC_3391\",\"description\":\"\"},{\"image\":\"https:\\\/\\\/mandabokor.lutheran.hu\\\/wp-content\\\/uploads\\\/2018\\\/04\\\/DSC_3396-1-e1525089364132-683x1024.jpg\",\"big\":\"https:\\\/\\\/mandabokor.lutheran.hu\\\/wp-content\\\/uploads\\\/2018\\\/04\\\/DSC_3396-1-e1525089364132-683x1024.jpg\",\"thumb\":\"https:\\\/\\\/mandabokor.lutheran.hu\\\/wp-content\\\/uploads\\\/2018\\\/04\\\/DSC_3396-1-e1525089364132-150x150.jpg\",\"title\":\"DSC_3396\",\"description\":\"\"},{\"image\":\"https:\\\/\\\/mandabokor.lutheran.hu\\\/wp-content\\\/uploads\\\/2018\\\/04\\\/DSC_3398-1-1024x683.jpg\",\"big\":\"https:\\\/\\\/mandabokor.lutheran.hu\\\/wp-content\\\/uploads\\\/2018\\\/04\\\/DSC_3398-1-1024x683.jpg\",\"thumb\":\"https:\\\/\\\/mandabokor.lutheran.hu\\\/wp-content\\\/uploads\\\/2018\\\/04\\\/DSC_3398-1-150x150.jpg\",\"title\":\"DSC_3398\",\"description\":\"\"},{\"image\":\"https:\\\/\\\/mandabokor.lutheran.hu\\\/wp-content\\\/uploads\\\/2018\\\/04\\\/DSC_3400-1-1024x683.jpg\",\"big\":\"https:\\\/\\\/mandabokor.lutheran.hu\\\/wp-content\\\/uploads\\\/2018\\\/04\\\/DSC_3400-1-1024x683.jpg\",\"thumb\":\"https:\\\/\\\/mandabokor.lutheran.hu\\\/wp-content\\\/uploads\\\/2018\\\/04\\\/DSC_3400-1-150x150.jpg\",\"title\":\"DSC_3400\",\"description\":\"\"},{\"image\":\"https:\\\/\\\/mandabokor.lutheran.hu\\\/wp-content\\\/uploads\\\/2018\\\/04\\\/DSC_3401-1-1024x683.jpg\",\"big\":\"https:\\\/\\\/mandabokor.lutheran.hu\\\/wp-content\\\/uploads\\\/2018\\\/04\\\/DSC_3401-1-1024x683.jpg\",\"thumb\":\"https:\\\/\\\/mandabokor.lutheran.hu\\\/wp-content\\\/uploads\\\/2018\\\/04\\\/DSC_3401-1-150x150.jpg\",\"title\":\"DSC_3401\",\"description\":\"\"},{\"image\":\"https:\\\/\\\/mandabokor.lutheran.hu\\\/wp-content\\\/uploads\\\/2018\\\/04\\\/DSC_3404-1-1024x683.jpg\",\"big\":\"https:\\\/\\\/mandabokor.lutheran.hu\\\/wp-content\\\/uploads\\\/2018\\\/04\\\/DSC_3404-1-1024x683.jpg\",\"thumb\":\"https:\\\/\\\/mandabokor.lutheran.hu\\\/wp-content\\\/uploads\\\/2018\\\/04\\\/DSC_3404-1-150x150.jpg\",\"title\":\"DSC_3404\",\"description\":\"\"},{\"image\":\"https:\\\/\\\/mandabokor.lutheran.hu\\\/wp-content\\\/uploads\\\/2018\\\/04\\\/DSC_3410-1-1024x683.jpg\",\"big\":\"https:\\\/\\\/mandabokor.lutheran.hu\\\/wp-content\\\/uploads\\\/2018\\\/04\\\/DSC_3410-1-1024x683.jpg\",\"thumb\":\"https:\\\/\\\/mandabokor.lutheran.hu\\\/wp-content\\\/uploads\\\/2018\\\/04\\\/DSC_3410-1-150x150.jpg\",\"title\":\"DSC_3410\",\"description\":\"\"},{\"image\":\"https:\\\/\\\/mandabokor.lutheran.hu\\\/wp-content\\\/uploads\\\/2018\\\/04\\\/DSC_3413-1-1024x683.jpg\",\"big\":\"https:\\\/\\\/mandabokor.lutheran.hu\\\/wp-content\\\/uploads\\\/2018\\\/04\\\/DSC_3413-1-1024x683.jpg\",\"thumb\":\"https:\\\/\\\/mandabokor.lutheran.hu\\\/wp-content\\\/uploads\\\/2018\\\/04\\\/DSC_3413-1-150x150.jpg\",\"title\":\"DSC_3413\",\"description\":\"\"},{\"image\":\"https:\\\/\\\/mandabokor.lutheran.hu\\\/wp-content\\\/uploads\\\/2018\\\/04\\\/DSC_3419-1-1024x683.jpg\",\"big\":\"https:\\\/\\\/mandabokor.lutheran.hu\\\/wp-content\\\/uploads\\\/2018\\\/04\\\/DSC_3419-1-1024x683.jpg\",\"thumb\":\"https:\\\/\\\/mandabokor.lutheran.hu\\\/wp-content\\\/uploads\\\/2018\\\/04\\\/DSC_3419-1-150x150.jpg\",\"title\":\"DSC_3419\",\"description\":\"\"},{\"image\":\"https:\\\/\\\/mandabokor.lutheran.hu\\\/wp-content\\\/uploads\\\/2018\\\/04\\\/DSC_3422-1-1024x683.jpg\",\"big\":\"https:\\\/\\\/mandabokor.lutheran.hu\\\/wp-content\\\/uploads\\\/2018\\\/04\\\/DSC_3422-1-1024x683.jpg\",\"thumb\":\"https:\\\/\\\/mandabokor.lutheran.hu\\\/wp-content\\\/uploads\\\/2018\\\/04\\\/DSC_3422-1-150x150.jpg\",\"title\":\"DSC_3422\",\"description\":\"\"},{\"image\":\"https:\\\/\\\/mandabokor.lutheran.hu\\\/wp-content\\\/uploads\\\/2018\\\/04\\\/DSC_3424-1-1024x683.jpg\",\"big\":\"https:\\\/\\\/mandabokor.lutheran.hu\\\/wp-content\\\/uploads\\\/2018\\\/04\\\/DSC_3424-1-1024x683.jpg\",\"thumb\":\"https:\\\/\\\/mandabokor.lutheran.hu\\\/wp-content\\\/uploads\\\/2018\\\/04\\\/DSC_3424-1-150x150.jpg\",\"title\":\"DSC_3424\",\"description\":\"\"},{\"image\":\"https:\\\/\\\/mandabokor.lutheran.hu\\\/wp-content\\\/uploads\\\/2018\\\/04\\\/DSC_3428-1-1024x683.jpg\",\"big\":\"https:\\\/\\\/mandabokor.lutheran.hu\\\/wp-content\\\/uploads\\\/2018\\\/04\\\/DSC_3428-1-1024x683.jpg\",\"thumb\":\"https:\\\/\\\/mandabokor.lutheran.hu\\\/wp-content\\\/uploads\\\/2018\\\/04\\\/DSC_3428-1-150x150.jpg\",\"title\":\"DSC_3428\",\"description\":\"\"},{\"image\":\"https:\\\/\\\/mandabokor.lutheran.hu\\\/wp-content\\\/uploads\\\/2018\\\/04\\\/DSC_3430-1-1024x683.jpg\",\"big\":\"https:\\\/\\\/mandabokor.lutheran.hu\\\/wp-content\\\/uploads\\\/2018\\\/04\\\/DSC_3430-1-1024x683.jpg\",\"thumb\":\"https:\\\/\\\/mandabokor.lutheran.hu\\\/wp-content\\\/uploads\\\/2018\\\/04\\\/DSC_3430-1-150x150.jpg\",\"title\":\"DSC_3430\",\"description\":\"\"},{\"image\":\"https:\\\/\\\/mandabokor.lutheran.hu\\\/wp-content\\\/uploads\\\/2018\\\/04\\\/DSC_3431-1-1024x683.jpg\",\"big\":\"https:\\\/\\\/mandabokor.lutheran.hu\\\/wp-content\\\/uploads\\\/2018\\\/04\\\/DSC_3431-1-1024x683.jpg\",\"thumb\":\"https:\\\/\\\/mandabokor.lutheran.hu\\\/wp-content\\\/uploads\\\/2018\\\/04\\\/DSC_3431-1-150x150.jpg\",\"title\":\"DSC_3431\",\"description\":\"\"},{\"image\":\"https:\\\/\\\/mandabokor.lutheran.hu\\\/wp-content\\\/uploads\\\/2018\\\/04\\\/DSC_3433-1-1024x683.jpg\",\"big\":\"https:\\\/\\\/mandabokor.lutheran.hu\\\/wp-content\\\/uploads\\\/2018\\\/04\\\/DSC_3433-1-1024x683.jpg\",\"thumb\":\"https:\\\/\\\/mandabokor.lutheran.hu\\\/wp-content\\\/uploads\\\/2018\\\/04\\\/DSC_3433-1-150x150.jpg\",\"title\":\"DSC_3433\",\"description\":\"\"},{\"image\":\"https:\\\/\\\/mandabokor.lutheran.hu\\\/wp-content\\\/uploads\\\/2018\\\/04\\\/DSC_3435-1-1024x683.jpg\",\"big\":\"https:\\\/\\\/mandabokor.lutheran.hu\\\/wp-content\\\/uploads\\\/2018\\\/04\\\/DSC_3435-1-1024x683.jpg\",\"thumb\":\"https:\\\/\\\/mandabokor.lutheran.hu\\\/wp-content\\\/uploads\\\/2018\\\/04\\\/DSC_3435-1-150x150.jpg\",\"title\":\"DSC_3435\",\"description\":\"\"},{\"image\":\"https:\\\/\\\/mandabokor.lutheran.hu\\\/wp-content\\\/uploads\\\/2018\\\/04\\\/DSC_3438-1-1024x683.jpg\",\"big\":\"https:\\\/\\\/mandabokor.lutheran.hu\\\/wp-content\\\/uploads\\\/2018\\\/04\\\/DSC_3438-1-1024x683.jpg\",\"thumb\":\"https:\\\/\\\/mandabokor.lutheran.hu\\\/wp-content\\\/uploads\\\/2018\\\/04\\\/DSC_3438-1-150x150.jpg\",\"title\":\"DSC_3438\",\"description\":\"\"},{\"image\":\"https:\\\/\\\/mandabokor.lutheran.hu\\\/wp-content\\\/uploads\\\/2018\\\/04\\\/DSC_3440-1-1024x683.jpg\",\"big\":\"https:\\\/\\\/mandabokor.lutheran.hu\\\/wp-content\\\/uploads\\\/2018\\\/04\\\/DSC_3440-1-1024x683.jpg\",\"thumb\":\"https:\\\/\\\/mandabokor.lutheran.hu\\\/wp-content\\\/uploads\\\/2018\\\/04\\\/DSC_3440-1-150x150.jpg\",\"title\":\"DSC_3440\",\"description\":\"\"},{\"image\":\"https:\\\/\\\/mandabokor.lutheran.hu\\\/wp-content\\\/uploads\\\/2018\\\/04\\\/DSC_3443-1-1024x683.jpg\",\"big\":\"https:\\\/\\\/mandabokor.lutheran.hu\\\/wp-content\\\/uploads\\\/2018\\\/04\\\/DSC_3443-1-1024x683.jpg\",\"thumb\":\"https:\\\/\\\/mandabokor.lutheran.hu\\\/wp-content\\\/uploads\\\/2018\\\/04\\\/DSC_3443-1-150x150.jpg\",\"title\":\"DSC_3443\",\"description\":\"\"},{\"image\":\"https:\\\/\\\/mandabokor.lutheran.hu\\\/wp-content\\\/uploads\\\/2018\\\/04\\\/DSC_3446-1-1024x683.jpg\",\"big\":\"https:\\\/\\\/mandabokor.lutheran.hu\\\/wp-content\\\/uploads\\\/2018\\\/04\\\/DSC_3446-1-1024x683.jpg\",\"thumb\":\"https:\\\/\\\/mandabokor.lutheran.hu\\\/wp-content\\\/uploads\\\/2018\\\/04\\\/DSC_3446-1-150x150.jpg\",\"title\":\"DSC_3446\",\"description\":\"\"},{\"image\":\"https:\\\/\\\/mandabokor.lutheran.hu\\\/wp-content\\\/uploads\\\/2018\\\/04\\\/DSC_3449-1-1024x683.jpg\",\"big\":\"https:\\\/\\\/mandabokor.lutheran.hu\\\/wp-content\\\/uploads\\\/2018\\\/04\\\/DSC_3449-1-1024x683.jpg\",\"thumb\":\"https:\\\/\\\/mandabokor.lutheran.hu\\\/wp-content\\\/uploads\\\/2018\\\/04\\\/DSC_3449-1-150x150.jpg\",\"title\":\"DSC_3449\",\"description\":\"\"},{\"image\":\"https:\\\/\\\/mandabokor.lutheran.hu\\\/wp-content\\\/uploads\\\/2018\\\/04\\\/DSC_3451-1-1024x683.jpg\",\"big\":\"https:\\\/\\\/mandabokor.lutheran.hu\\\/wp-content\\\/uploads\\\/2018\\\/04\\\/DSC_3451-1-1024x683.jpg\",\"thumb\":\"https:\\\/\\\/mandabokor.lutheran.hu\\\/wp-content\\\/uploads\\\/2018\\\/04\\\/DSC_3451-1-150x150.jpg\",\"title\":\"DSC_3451\",\"description\":\"\"},{\"image\":\"https:\\\/\\\/mandabokor.lutheran.hu\\\/wp-content\\\/uploads\\\/2018\\\/04\\\/DSC_3452-1-1024x683.jpg\",\"big\":\"https:\\\/\\\/mandabokor.lutheran.hu\\\/wp-content\\\/uploads\\\/2018\\\/04\\\/DSC_3452-1-1024x683.jpg\",\"thumb\":\"https:\\\/\\\/mandabokor.lutheran.hu\\\/wp-content\\\/uploads\\\/2018\\\/04\\\/DSC_3452-1-150x150.jpg\",\"title\":\"DSC_3452\",\"description\":\"\"},{\"image\":\"https:\\\/\\\/mandabokor.lutheran.hu\\\/wp-content\\\/uploads\\\/2018\\\/04\\\/IMG_3142-1-1024x768.jpg\",\"big\":\"https:\\\/\\\/mandabokor.lutheran.hu\\\/wp-content\\\/uploads\\\/2018\\\/04\\\/IMG_3142-1-1024x768.jpg\",\"thumb\":\"https:\\\/\\\/mandabokor.lutheran.hu\\\/wp-content\\\/uploads\\\/2018\\\/04\\\/IMG_3142-1-150x150.jpg\",\"title\":\"IMG_3142\",\"description\":\"\"},{\"image\":\"https:\\\/\\\/mandabokor.lutheran.hu\\\/wp-content\\\/uploads\\\/2018\\\/04\\\/IMG_3157-1-1024x768.jpg\",\"big\":\"https:\\\/\\\/mandabokor.lutheran.hu\\\/wp-content\\\/uploads\\\/2018\\\/04\\\/IMG_3157-1-1024x768.jpg\",\"thumb\":\"https:\\\/\\\/mandabokor.lutheran.hu\\\/wp-content\\\/uploads\\\/2018\\\/04\\\/IMG_3157-1-150x150.jpg\",\"title\":\"IMG_3157\",\"description\":\"\"},{\"image\":\"https:\\\/\\\/mandabokor.lutheran.hu\\\/wp-content\\\/uploads\\\/2018\\\/04\\\/IMG_3163-1-1024x768.jpg\",\"big\":\"https:\\\/\\\/mandabokor.lutheran.hu\\\/wp-content\\\/uploads\\\/2018\\\/04\\\/IMG_3163-1-1024x768.jpg\",\"thumb\":\"https:\\\/\\\/mandabokor.lutheran.hu\\\/wp-content\\\/uploads\\\/2018\\\/04\\\/IMG_3163-1-150x150.jpg\",\"title\":\"IMG_3163\",\"description\":\"\"},{\"image\":\"https:\\\/\\\/mandabokor.lutheran.hu\\\/wp-content\\\/uploads\\\/2018\\\/04\\\/IMG_3166-1-1024x768.jpg\",\"big\":\"https:\\\/\\\/mandabokor.lutheran.hu\\\/wp-content\\\/uploads\\\/2018\\\/04\\\/IMG_3166-1-1024x768.jpg\",\"thumb\":\"https:\\\/\\\/mandabokor.lutheran.hu\\\/wp-content\\\/uploads\\\/2018\\\/04\\\/IMG_3166-1-150x150.jpg\",\"title\":\"IMG_3166\",\"description\":\"\"},{\"image\":\"https:\\\/\\\/mandabokor.lutheran.hu\\\/wp-content\\\/uploads\\\/2018\\\/04\\\/IMG_3180-1-1024x768.jpg\",\"big\":\"https:\\\/\\\/mandabokor.lutheran.hu\\\/wp-content\\\/uploads\\\/2018\\\/04\\\/IMG_3180-1-1024x768.jpg\",\"thumb\":\"https:\\\/\\\/mandabokor.lutheran.hu\\\/wp-content\\\/uploads\\\/2018\\\/04\\\/IMG_3180-1-150x150.jpg\",\"title\":\"IMG_3180\",\"description\":\"\"},{\"image\":\"https:\\\/\\\/mandabokor.lutheran.hu\\\/wp-content\\\/uploads\\\/2018\\\/04\\\/IMG_3181-1-1024x768.jpg\",\"big\":\"https:\\\/\\\/mandabokor.lutheran.hu\\\/wp-content\\\/uploads\\\/2018\\\/04\\\/IMG_3181-1-1024x768.jpg\",\"thumb\":\"https:\\\/\\\/mandabokor.lutheran.hu\\\/wp-content\\\/uploads\\\/2018\\\/04\\\/IMG_3181-1-150x150.jpg\",\"title\":\"IMG_3181\",\"description\":\"\"},{\"image\":\"https:\\\/\\\/mandabokor.lutheran.hu\\\/wp-content\\\/uploads\\\/2018\\\/04\\\/UNADJUSTEDNONRAW_thumb_c0b-1-1024x768.jpg\",\"big\":\"https:\\\/\\\/mandabokor.lutheran.hu\\\/wp-content\\\/uploads\\\/2018\\\/04\\\/UNADJUSTEDNONRAW_thumb_c0b-1-1024x768.jpg\",\"thumb\":\"https:\\\/\\\/mandabokor.lutheran.hu\\\/wp-content\\\/uploads\\\/2018\\\/04\\\/UNADJUSTEDNONRAW_thumb_c0b-1-150x150.jpg\",\"title\":\"UNADJUSTEDNONRAW_thumb_c0b\",\"description\":\"\"},{\"image\":\"https:\\\/\\\/mandabokor.lutheran.hu\\\/wp-content\\\/uploads\\\/2018\\\/04\\\/UNADJUSTEDNONRAW_thumb_c1f-1-1024x768.jpg\",\"big\":\"https:\\\/\\\/mandabokor.lutheran.hu\\\/wp-content\\\/uploads\\\/2018\\\/04\\\/UNADJUSTEDNONRAW_thumb_c1f-1-1024x768.jpg\",\"thumb\":\"https:\\\/\\\/mandabokor.lutheran.hu\\\/wp-content\\\/uploads\\\/2018\\\/04\\\/UNADJUSTEDNONRAW_thumb_c1f-1-150x150.jpg\",\"title\":\"UNADJUSTEDNONRAW_thumb_c1f\",\"description\":\"\"},{\"image\":\"https:\\\/\\\/mandabokor.lutheran.hu\\\/wp-content\\\/uploads\\\/2018\\\/04\\\/UNADJUSTEDNONRAW_thumb_c19-1-1024x768.jpg\",\"big\":\"https:\\\/\\\/mandabokor.lutheran.hu\\\/wp-content\\\/uploads\\\/2018\\\/04\\\/UNADJUSTEDNONRAW_thumb_c19-1-1024x768.jpg\",\"thumb\":\"https:\\\/\\\/mandabokor.lutheran.hu\\\/wp-content\\\/uploads\\\/2018\\\/04\\\/UNADJUSTEDNONRAW_thumb_c19-1-150x150.jpg\",\"title\":\"UNADJUSTEDNONRAW_thumb_c19\",\"description\":\"\"},{\"image\":\"https:\\\/\\\/mandabokor.lutheran.hu\\\/wp-content\\\/uploads\\\/2018\\\/04\\\/UNADJUSTEDNONRAW_thumb_c22-1-1024x768.jpg\",\"big\":\"https:\\\/\\\/mandabokor.lutheran.hu\\\/wp-content\\\/uploads\\\/2018\\\/04\\\/UNADJUSTEDNONRAW_thumb_c22-1-1024x768.jpg\",\"thumb\":\"https:\\\/\\\/mandabokor.lutheran.hu\\\/wp-content\\\/uploads\\\/2018\\\/04\\\/UNADJUSTEDNONRAW_thumb_c22-1-150x150.jpg\",\"title\":\"UNADJUSTEDNONRAW_thumb_c22\",\"description\":\"\"}],\"width\":\"auto\",\"height\":0.76,\"autoplay\":false,\"transition\":\"slide\",\"initialTransition\":\"fade\",\"transitionSpeed\":0,\"_delayTime\":4000,\"_hideControls\":false,\"_thumbnailMode\":\"grid\",\"_captionMode\":\"on_expand\"}); });<\/script>\n<p>&nbsp;<\/p>\n","protected":false},"excerpt":{"rendered":"<p>&nbsp;<\/p>\n","protected":false},"author":2,"featured_media":0,"parent":0,"menu_order":0,"comment_status":"closed","ping_status":"closed","template":"","meta":{"_monsterinsights_skip_tracking":false,"_monsterinsights_sitenote_active":false,"_monsterinsights_sitenote_note":"","_monsterinsights_sitenote_category":0},"_links":{"self":[{"href":"https:\/\/mandabokor.lutheran.hu\/index.php?rest_route=\/wp\/v2\/pages\/5428"}],"collection":[{"href":"https:\/\/mandabokor.lutheran.hu\/index.php?rest_route=\/wp\/v2\/pages"}],"about":[{"href":"https:\/\/mandabokor.lutheran.hu\/index.php?rest_route=\/wp\/v2\/types\/page"}],"author":[{"embeddable":true,"href":"https:\/\/mandabokor.lutheran.hu\/index.php?rest_route=\/wp\/v2\/users\/2"}],"replies":[{"embeddable":true,"href":"https:\/\/mandabokor.lutheran.hu\/index.php?rest_route=%2Fwp%2Fv2%2Fcomments&post=5428"}],"version-history":[{"count":5,"href":"https:\/\/mandabokor.lutheran.hu\/index.php?rest_route=\/wp\/v2\/pages\/5428\/revisions"}],"predecessor-version":[{"id":5511,"href":"https:\/\/mandabokor.lutheran.hu\/index.php?rest_route=\/wp\/v2\/pages\/5428\/revisions\/5511"}],"wp:attachment":[{"href":"https:\/\/mandabokor.lutheran.hu\/index.php?rest_route=%2Fwp%2Fv2%2Fmedia&parent=5428"}],"curies":[{"name":"wp","href":"https:\/\/api.w.org\/{rel}","templated":true}]}}