{"id":1484,"date":"2017-02-23T08:07:07","date_gmt":"2017-02-23T08:07:07","guid":{"rendered":"http:\/\/mandabokor.lutheran.hu\/?page_id=1484"},"modified":"2026-01-19T20:01:17","modified_gmt":"2026-01-19T20:01:17","slug":"szallasrol-tudnivalok","status":"publish","type":"page","link":"https:\/\/mandabokor.lutheran.hu\/?page_id=1484","title":{"rendered":"Sz\u00e1ll\u00e1sr\u00f3l tudnival\u00f3k"},"content":{"rendered":"<p>A tet\u0151t\u00e9r be\u00e9p\u00edt\u00e9s\u00e9vel <strong>5+2 szoba<\/strong> v\u00e1rja azokat a vend\u00e9geket, akik nem csak kikapcsol\u00f3dni akarnak, de lelki felt\u00f6lt\u0151d\u00e9sre is v\u00e1gynak. Kimondott c\u00e9lja ennek a sz\u00e1ll\u00e1s lehet\u0151s\u00e9gnek, hogy misszi\u00f3i szempontokat vegyen figyelembe.<\/p>\n<p>Az a c\u00e9lunk, hogy egy olyan szigetet biztos\u00edtsunk a vend\u00e9geinknek, ahol lelkileg \u00e9p\u00fclhetnek. Szeretettel v\u00e1runk mindenkit, aki ebben az \u00e9rtelemben szeretne kikapcsol\u00f3dni, felt\u00f6lt\u0151dni, \u00e9p\u00fclni.<\/p>\n<p>A 7 szob\u00e1b\u00f3l 5 helyis\u00e9gben van <strong>kl\u00edma \u00e9s f\u00fcrd\u0151szoba.<\/strong> 15+4+2 f\u0151t tudunk elsz\u00e1ll\u00e1solni.<\/p>\n<h1><span style=\"color: #ff0000;\"><strong>\u00c1raink:\u00a0<\/strong><\/span><\/h1>\n<p><strong>Sz\u00e1ll\u00e1s:<\/strong><\/p>\n<p>Feln\u0151tteknek (18 &lt; \u00e9ves):\u00a0 <strong>\u00a07 000 Ft\/f\u0151\/\u00e9j<\/strong><\/p>\n<p>Gyermek \u00e9s Ifj\u00fas\u00e1g (3-18 \u00e9ves):\u00a0 <strong>5 000 Ft\/f\u0151\/\u00e9j<\/strong><\/p>\n<p><strong style=\"color: #666666; font-size: 1.125rem; font-style: italic;\">3 \u00e9ves kor alatt ingyenes.<\/strong><\/p>\n<p>Kl\u00edma haszn\u00e1lata (h\u0171t\/f\u0171t 2,6 KW):\u00a0<strong>1 500 Ft\/nap\/szoba<\/strong><\/p>\n<p>Nagyterem teljes k\u00f6r\u0171 haszn\u00e1lata (projektor &#8211; \u00e9s hangtechnika):\u00a0 \u00a0 \u00a0 \u00a0 \u00a0 \u00a0 \u00a0 \u00a0<strong>25 000 \u00a0Ft\/nap<\/strong><\/p>\n<p>Kl\u00edma (3 db 4,6 KW) haszn\u00e1lata a nagyteremben: <strong>6000 Ft\/nap\u00a0<\/strong><\/p>\n<p>Sporteszk\u00f6z\u00f6k haszn\u00e1lata (ping-pong asztalok, csocs\u00f3, labd\u00e1k, r\u00f6plabdap\u00e1lya, \u00edj\u00e1szat): <strong>5 000 Ft\/nap<\/strong><\/p>\n<p>\u00c9tkez\u00e9st \u00f6n\u00e1ll\u00f3an tudj\u00e1k megoldani a vend\u00e9gek, azonban meleg\u00edt\u0151konyha tal\u00e1lhat\u00f3 az \u00e9p\u00fcletben. Eb\u00e9d rendel\u00e9s\u00e9re van lehet\u0151s\u00e9g.<\/p>\n<p>Az al\u00e1bbi linken let\u00f6lthet\u0151 a tet\u0151t\u00e9r alaprajza, az \u00e1gyak elhelyezked\u00e9se:<br \/>\n<strong><a href=\"http:\/\/mandabokor.lutheran.hu\/wp-content\/uploads\/2018\/05\/Tet\u0151t\u00e9r-alaprajz.pdf\" target=\"_blank\" rel=\"noopener\">Tet\u0151t\u00e9r alaprajz<\/a><\/strong><\/p>\n<p>&nbsp;<\/p>\n","protected":false},"excerpt":{"rendered":"<p>A tet\u0151t\u00e9r be\u00e9p\u00edt\u00e9s\u00e9vel 5+2 szoba v\u00e1rja azokat a vend\u00e9geket, akik nem csak kikapcsol\u00f3dni akarnak, de lelki felt\u00f6lt\u0151d\u00e9sre is v\u00e1gynak. Kimondott c\u00e9lja ennek a sz\u00e1ll\u00e1s lehet\u0151s\u00e9gnek, hogy misszi\u00f3i szempontokat vegyen figyelembe. Az a c\u00e9lunk, hogy egy olyan szigetet biztos\u00edtsunk a vend\u00e9geinknek, ahol lelkileg \u00e9p\u00fclhetnek. Szeretettel v\u00e1runk mindenkit, aki ebben az \u00e9rtelemben szeretne kikapcsol\u00f3dni, felt\u00f6lt\u0151dni, \u00e9p\u00fclni. A &hellip; <\/p>\n<p class=\"link-more\"><a href=\"https:\/\/mandabokor.lutheran.hu\/?page_id=1484\" class=\"more-link\"><span class=\"screen-reader-text\">&#8220;Sz\u00e1ll\u00e1sr\u00f3l tudnival\u00f3k&#8221;<\/span> b\u0151vebben<\/a><\/p>\n","protected":false},"author":2,"featured_media":0,"parent":0,"menu_order":0,"comment_status":"closed","ping_status":"closed","template":"","meta":{"_monsterinsights_skip_tracking":false,"_monsterinsights_sitenote_active":false,"_monsterinsights_sitenote_note":"","_monsterinsights_sitenote_category":0},"_links":{"self":[{"href":"https:\/\/mandabokor.lutheran.hu\/index.php?rest_route=\/wp\/v2\/pages\/1484"}],"collection":[{"href":"https:\/\/mandabokor.lutheran.hu\/index.php?rest_route=\/wp\/v2\/pages"}],"about":[{"href":"https:\/\/mandabokor.lutheran.hu\/index.php?rest_route=\/wp\/v2\/types\/page"}],"author":[{"embeddable":true,"href":"https:\/\/mandabokor.lutheran.hu\/index.php?rest_route=\/wp\/v2\/users\/2"}],"replies":[{"embeddable":true,"href":"https:\/\/mandabokor.lutheran.hu\/index.php?rest_route=%2Fwp%2Fv2%2Fcomments&post=1484"}],"version-history":[{"count":38,"href":"https:\/\/mandabokor.lutheran.hu\/index.php?rest_route=\/wp\/v2\/pages\/1484\/revisions"}],"predecessor-version":[{"id":12011,"href":"https:\/\/mandabokor.lutheran.hu\/index.php?rest_route=\/wp\/v2\/pages\/1484\/revisions\/12011"}],"wp:attachment":[{"href":"https:\/\/mandabokor.lutheran.hu\/index.php?rest_route=%2Fwp%2Fv2%2Fmedia&parent=1484"}],"curies":[{"name":"wp","href":"https:\/\/api.w.org\/{rel}","templated":true}]}}